test common factor of 2760 and 2404960?
40
Calculate the highest common factor of 391 and 1083160321.
391
What is the highest common divisor of 7505 and 526930?
395
Calculate the highest common divisor of 142160984 and 56.
56
Calculate the greatest common divisor of 6902 and 112235802.
238
What is the greatest common divisor of 784 and 20513360?
784
Calculate the highest common factor of 99 and 1274911803.
99
What is the greatest common factor of 54322 and 1466002?
346
What is the greatest common divisor of 3275 and 18549600?
3275
What is the highest common factor of 14772 and 292921374?
7386
Calculate the highest common factor of 2868 and 107113108.
956
What is the greatest common factor of 20358 and 2323854?
234
Calculate the highest common divisor of 5562795 and 235842.
5127
What is the highest common factor of 40 and 343604835?
5
Calculate the highest common divisor of 1846 and 30372238.
1846
What is the highest common divisor of 25065595 and 5?
5
What is the highest common divisor of 125217309 and 21?
21
Calculate the greatest common factor of 1740 and 5251380.
60
Calculate the greatest common factor of 1246959 and 119.
7
Calculate the greatest common divisor of 1652 and 27580.
28
What is the greatest common divisor of 76687 and 49283?
221
What is the highest common factor of 44 and 10105116?
4
What is the highest common factor of 44042 and 51155942?
2318
What is the greatest common factor of 10000 and 3010100?
100
What is the highest common divisor of 23 and 214633?
1
What is the highest common divisor of 53880385 and 18083?
1391
What is the greatest common factor of 2300406 and 27132?
1938
Calculate the greatest common factor of 10898528 and 3104.
32
Calculate the highest common divisor of 259509516 and 14.
14
Calculate the greatest common factor of 457036 and 96.
4
Calculate the highest common divisor of 43 and 2968038020.
43
What is the highest common divisor of 42485 and 340?
5
What is the highest common factor of 411195 and 1388?
347
What is the highest common divisor of 4967486411 and 2567?
2567
Calculate the greatest common divisor of 288 and 52341741.
9
Calculate the greatest common divisor of 1488 and 13972944.
48
What is the greatest common divisor of 39611133 and 5763?
339
What is the highest common factor of 202392 and 10836?
36
Calculate the greatest common factor of 529 and 2350.
1
Calculate the greatest common factor of 791220 and 375.
15
What is the highest common divisor of 15378 and 498828?
66
Calculate the greatest common divisor of 196 and 88235952.
28
What is the greatest common factor of 335 and 2474813840?
335
Calculate the greatest common divisor of 110 and 5085600.
10
What is the highest common factor of 932940 and 16560?
180
Calculate the highest common divisor of 7231 and 19096.
7
What is the highest common factor of 364282494 and 17?
17
Calculate the greatest common divisor of 2421384290 and 6409.
6409
What is the greatest common factor of 1079425 and 325?
25
Calculate the greatest common factor of 34 and 16237720.
34
What is the highest common divisor of 96 and 17109408?
96
Calculate the greatest common factor of 99642218 and 5486.
5486
Calculate the highest common divisor of 2002 and 2226994.
154
Calculate the greatest common divisor of 261 and 59049.
9
What is the greatest common factor of 6268561 and 2518?
1259
Calculate the greatest common divisor of 637110517 and 206.
103
What is the greatest common divisor of 17442 and 21374658?
1026
Calculate the highest common factor of 486086968 and 8.
8
What is the highest common divisor of 236250270 and 432?
54
Calculate the greatest common divisor of 31059 and 2331252.
1827
Calculate the highest common divisor of 801 and 30043107.
801
Calculate the greatest common divisor of 31424177 and 1802.
901
What is the greatest common factor of 1248 and 34345818?
78
What is the greatest common divisor of 77836 and 396317?
61
Calculate the greatest common divisor of 16 and 16099442.
2
What is the greatest common divisor of 17983 and 6224687?
2569
What is the greatest common factor of 86 and 369128?
2
Calculate the greatest common factor of 25762 and 388839.
11
What is the highest common factor of 215760 and 1426992?
1488
What is the highest common factor of 2305578 and 2134?
22
Calculate the greatest common divisor of 185269 and 14925.
199
Calculate the highest common divisor of 545 and 204276573.
109
Calculate the greatest common factor of 4746726 and 8811.
801
What is the greatest common divisor of 59993977 and 1079?
83
Calculate the highest common factor of 1234030 and 1088.
34
Calculate the highest common factor of 97272 and 167832.
504
What is the highest common divisor of 75955 and 1340?
5
What is the greatest common divisor of 8247 and 19630609?
2749
Calculate the greatest common factor of 152530346 and 1928.
482
What is the highest common factor of 399 and 69154281?
399
Calculate the greatest common factor of 185 and 566001950.
185
Calculate the highest common divisor of 2877 and 49662774.
2877
What is the highest common factor of 90 and 1713354120?
90
Calculate the greatest common divisor of 880 and 968560.
80
Calculate the highest common divisor of 52402 and 11522.
14
Calculate the greatest common divisor of 14571686 and 2074.
34
Calculate the highest common factor of 748959389 and 898.
449
What is the highest common factor of 18317440 and 128?
128
What is the greatest common factor of 3630 and 4606540?
10
What is the highest common factor of 300181 and 144963084?
8113
What is the greatest common factor of 5312646 and 24?
6
Calculate the highest common divisor of 18550802 and 774.
86
What is the highest common factor of 66 and 2707749?
33
What is the greatest common divisor of 919345 and 343?
7
What is the greatest common factor of 1670 and 355180610?
1670
Calculate the greatest common divisor of 85398 and 428314.
662
What is the greatest common divisor of 5106819 and 6129?
681
What is the greatest common factor of 126 and 5133123?
9
What is the greatest common divisor of 1980 and 378833796?
396
Calculate the greatest common divisor of 178 and 5483201.
89
What is the highest common divisor of 12070280 and 30?
10
Calculate the greatest common divisor of 3729 and 667788.
33
Calculate the highest common factor of 649 and 79828969.
11
What is the greatest common factor of 680512 and 1232?
112
Calculate the highest common divisor of 49136185 and 28.
7
Calculate the highest common divisor of 69417261 and 1137.
1137
Calculate the greatest common divisor of 14125599 and 7074.
1179
What is the highest common divisor of 2119185 and 2250?
45
Calculate the greatest common divisor of 84456 and 16174888.
3128
What is the highest common divisor of 15051512 and 56?
56
What is the greatest common factor of 46004 and 31982638?
3286
Calculate the greatest common factor of 779 and 38445987.
779
What is the highest common factor of 65626 and 324216618?
3454
Calculate the greatest common factor of 377 and 40.
1
Calculate the highest common factor of 1188 and 26489430.
594
What is the highest common divisor of 1550505 and 6501?
33
What is the highest common factor of 12 and 55090524?
12
Calculate the highest common divisor of 2917773 and 44748.
1017
Calculate the greatest common factor of 811858 and 7654.
178
Calculate the highest common factor of 32563652 and 198.
22
Calculate the greatest common factor of 1953 and 246636.
279
Calculate the highest common divisor of 55389 and 7881.
111
What is the greatest common factor of 69854 and 570694?
1318
What is the highest common factor of 6556 and 182227?
149
What is the highest common divisor of 1640058 and 378?
42
Calculate the highest common divisor of 39 and 84645756.
39
Calculate the highest common divisor of 406 and 78190844.
58
Calculate the greatest common divisor of 3808 and 30652384.
224
Calculate the greatest common factor of 1031488 and 2607776.
7264
What is the highest common divisor of 399592 and 298301?
199
Calculate the greatest common factor of 11596 and 454429846.
5798
What is the greatest common divisor of 1688 and 4706777?
211
What is the highest common divisor of 21160765 and 29277?
3253
What is the highest common divisor of 198038 and 295978?
166
What is the highest common factor of 157760 and 82020?
20
What is the g